{"id":692,"date":"2023-07-14T11:41:23","date_gmt":"2023-07-14T17:41:23","guid":{"rendered":"https:\/\/asesoriasbiologicas.com\/?page_id=692"},"modified":"2023-08-20T14:02:01","modified_gmt":"2023-08-20T20:02:01","slug":"carta-de-nuestro-director","status":"publish","type":"page","link":"https:\/\/asesoriasbiologicas.com\/index.php\/carta-de-nuestro-director\/","title":{"rendered":"Carta de nuestro Director"},"content":{"rendered":"\n<div class=\"wp-block-columns is-layout-flex wp-container-core-columns-is-layout-1 wp-block-columns-is-layout-flex\">\n<div class=\"wp-block-column is-layout-flow wp-block-column-is-layout-flow\" style=\"flex-basis:15%\"><\/div>\n\n\n\n<div class=\"wp-block-column is-layout-flow wp-block-column-is-layout-flow\" style=\"flex-basis:70%\">\n<p><span style=\"font-weight: 400;\">Es un placer saludarlos, les comento brevemente qu\u00e9 es lo que hacemos en Asesor\u00edas Biol\u00f3gicas, entendemos que la palabra biolog\u00eda tiene sus ra\u00edces en Bios (Vida) y Logos\u00a0 (Tratado), en lo que podemos resumir como el tratado de la vida, en relaci\u00f3n a este significado les comento que todos nuestros trabajos los desarrollamos en forma multidisciplinaria bas\u00e1ndonos en el concepto de paisaje funcional, en donde podemos extendernos en modelar un paisaje de m\u00e1s de 100,000 ha, o irnos a detalles espec\u00edficos de la microbiota del suelo en una superficie de 1 ha, manejado en conjunto todo el proceso vivo de nuestro entorno y su aprovechamiento sustentable.<\/span><\/p>\n<p><span style=\"font-weight: 400;\">De esta forma la mayor\u00eda de nuestro personal est\u00e1 soportado principalmente por Bi\u00f3logos altamente calificados que trabajan en diferentes \u00e1reas que pueden cubrir desde desarrollar un proyecto complejo de acuacultura, una planta tratadora de agua, un rancho cineg\u00e9tico, ganadero, agr\u00edcola o la construcci\u00f3n de una presa para pesca deportiva o de sustento. La modelaci\u00f3n del paisaje mediante rodillo aireador o quema controlada, o las combinaciones que puedan desarrollar el paisaje funcional que deseamos proyectar para cada ecosistema.<\/span><\/p>\n<p><span style=\"font-weight: 400;\">Nuestro personal tambi\u00e9n ha desarrollado grandes innovaciones\u00a0 como la Evaluaci\u00f3n de Potencial Agroecol\u00f3gico \u201cEPA\u201d, en donde realizamos un diagn\u00f3stico minucioso de cada proyecto agropecuario, forestal o cineg\u00e9tico, que da sustento a: Aval\u00faos de predios, desarrollo de programas de manejo con indicadores claros de productividad, entre otros, porque recordemos que lo que no se mide no vale.<\/span><\/p>\n<p><span style=\"font-weight: 400;\">Esperando ayudarles a mejorar sus sistemas productivos,<\/span><\/p>\n<p>\u00a0<\/p>\n<p>\u00a0<\/p>\n<p><span style=\"font-weight: 400;\">Bi\u00f3l. Enrique Guadarrama<\/span><\/p>\n<p><span style=\"font-weight: 400;\">Director<\/span><\/p>\n<\/div>\n\n\n\n<div class=\"wp-block-column is-layout-flow wp-block-column-is-layout-flow\" style=\"flex-basis:15%\"><\/div>\n<\/div>\n","protected":false},"excerpt":{"rendered":"<p>Es un placer saludarlos, les comento brevemente qu\u00e9 es lo que hacemos en Asesor\u00edas Biol\u00f3gicas, entendemos que la palabra biolog\u00eda tiene sus ra\u00edces en Bios (Vida) y Logos\u00a0 (Tratado), en lo que podemos resumir como el tratado de la vida, en relaci\u00f3n a este significado les comento que todos nuestros trabajos los desarrollamos en forma [&hellip;]<\/p>\n","protected":false},"author":1,"featured_media":0,"parent":0,"menu_order":0,"comment_status":"closed","ping_status":"closed","template":"","meta":{"footnotes":""},"class_list":["post-692","page","type-page","status-publish","hentry"],"aioseo_notices":[],"jetpack_sharing_enabled":true,"_links":{"self":[{"href":"https:\/\/asesoriasbiologicas.com\/index.php\/wp-json\/wp\/v2\/pages\/692","targetHints":{"allow":["GET"]}}],"collection":[{"href":"https:\/\/asesoriasbiologicas.com\/index.php\/wp-json\/wp\/v2\/pages"}],"about":[{"href":"https:\/\/asesoriasbiologicas.com\/index.php\/wp-json\/wp\/v2\/types\/page"}],"author":[{"embeddable":true,"href":"https:\/\/asesoriasbiologicas.com\/index.php\/wp-json\/wp\/v2\/users\/1"}],"replies":[{"embeddable":true,"href":"https:\/\/asesoriasbiologicas.com\/index.php\/wp-json\/wp\/v2\/comments?post=692"}],"version-history":[{"count":2,"href":"https:\/\/asesoriasbiologicas.com\/index.php\/wp-json\/wp\/v2\/pages\/692\/revisions"}],"predecessor-version":[{"id":752,"href":"https:\/\/asesoriasbiologicas.com\/index.php\/wp-json\/wp\/v2\/pages\/692\/revisions\/752"}],"wp:attachment":[{"href":"https:\/\/asesoriasbiologicas.com\/index.php\/wp-json\/wp\/v2\/media?parent=692"}],"curies":[{"name":"wp","href":"https:\/\/api.w.org\/{rel}","templated":true}]}}